{"id":9,"date":"2013-01-22T15:42:06","date_gmt":"2013-01-22T14:42:06","guid":{"rendered":"http:\/\/thomatextundbild.wordpress.com\/?page_id=9"},"modified":"2015-02-16T17:39:12","modified_gmt":"2015-02-16T16:39:12","slug":"referenzen","status":"publish","type":"page","link":"http:\/\/www.thomatextundbild.de\/?page_id=9","title":{"rendered":"Text"},"content":{"rendered":"<p>Meine freie journalistische Arbeit begann ich am Ende meines Studiums als Filmkritiker f\u00fcr filmstarts.de und einige kleinere Webseiten und Filmzeitschriften. Mit den Jahren interessierte ich mich &#8212; auch im Zuge meiner fotojournalistischen Arbeit &#8212; neben kulturellen Themen immer mehr f\u00fcr soziale und lokale.<\/p>\n<p>Texte von mir wurden unter anderem ver\u00f6ffentlicht in der Berliner Morgenpost, in Publikationen der Pressestellen der Freien Universit\u00e4t Berlin und des Parit\u00e4tischen Wohlfahrtsverbandes, in der evangelischen Wochenzeitung Die Kirche und in der Musikzeitschrift Raveline.<\/p>\n<p>K\u00fcrzere literarische Texte ver\u00f6ffentliche ich im Internet im &#8222;Raushau-Blog&#8220; und abwechselnd mit Vera G\u00e4rttling auf &#8222;Das grosse Gr\u00fcbeln&#8220;. Gelegentlich lese ich im Rahmen von Literaturveranstaltungen. Au\u00dferdem verfasse ich Liedtexte f\u00fcr meine Band Enkidu.<\/p>\n<p>Dar\u00fcber hinaus korrektoriere und lektoriere ich. Zu meinen Kunden geh\u00f6ren der Parit\u00e4tische Wohlfahrtsverband und die Freie Universit\u00e4t Berlin.<\/p>\n<p>&nbsp;<\/p>\n<p><strong>B\u00fccher, an denen ich als Autor beteiligt war:<\/strong><\/p>\n<p>Schulordner &#8222;Projekt Aqua&#8220;. KWL &#8211; Kommunale Wasserwerke Leipzig GmbH 2010.<\/p>\n<p>Radtouren in und um Berlin. Die 28 sch\u00f6nsten Strecken mit ausf\u00fchrlichem Serviceteil. Ullstein GmbH\/Berliner Morgenpost 2011.<\/p>\n<p>Schloss Moabit II. Lyrik und Prosa. Literaturgruppe &#8222;Moabiter Dichter&#8220; Berlin 2012.<\/p>\n<p>Schloss Moabit III. Lyrik und Prosa. Literaturgruppe &#8222;Moabiter Dichter&#8220; Berlin 2013.<\/p>\n","protected":false},"excerpt":{"rendered":"<p>Meine freie journalistische Arbeit begann ich am Ende meines Studiums als Filmkritiker f\u00fcr filmstarts.de und einige kleinere Webseiten und Filmzeitschriften. Mit den Jahren interessierte ich mich &#8212; auch im Zuge meiner fotojournalistischen Arbeit &#8212; neben kulturellen Themen immer mehr f\u00fcr soziale und lokale. Texte von mir wurden unter anderem ver\u00f6ffentlicht in der Berliner Morgenpost, in [&hellip;]<\/p>\n","protected":false},"author":1,"featured_media":0,"parent":0,"menu_order":3,"comment_status":"closed","ping_status":"closed","template":"fullwidth-page.php","meta":{"spay_email":"","footnotes":""},"tags":[],"class_list":["post-9","page","type-page","status-publish","hentry"],"jetpack_sharing_enabled":true,"jetpack_shortlink":"https:\/\/wp.me\/P5KvMN-9","_links":{"self":[{"href":"http:\/\/www.thomatextundbild.de\/index.php?rest_route=\/wp\/v2\/pages\/9","targetHints":{"allow":["GET"]}}],"collection":[{"href":"http:\/\/www.thomatextundbild.de\/index.php?rest_route=\/wp\/v2\/pages"}],"about":[{"href":"http:\/\/www.thomatextundbild.de\/index.php?rest_route=\/wp\/v2\/types\/page"}],"author":[{"embeddable":true,"href":"http:\/\/www.thomatextundbild.de\/index.php?rest_route=\/wp\/v2\/users\/1"}],"replies":[{"embeddable":true,"href":"http:\/\/www.thomatextundbild.de\/index.php?rest_route=%2Fwp%2Fv2%2Fcomments&post=9"}],"version-history":[{"count":1,"href":"http:\/\/www.thomatextundbild.de\/index.php?rest_route=\/wp\/v2\/pages\/9\/revisions"}],"predecessor-version":[{"id":199,"href":"http:\/\/www.thomatextundbild.de\/index.php?rest_route=\/wp\/v2\/pages\/9\/revisions\/199"}],"wp:attachment":[{"href":"http:\/\/www.thomatextundbild.de\/index.php?rest_route=%2Fwp%2Fv2%2Fmedia&parent=9"}],"wp:term":[{"taxonomy":"post_tag","embeddable":true,"href":"http:\/\/www.thomatextundbild.de\/index.php?rest_route=%2Fwp%2Fv2%2Ftags&post=9"}],"curies":[{"name":"wp","href":"https:\/\/api.w.org\/{rel}","templated":true}]}}

<p>Meine freie journalistische Arbeit begann ich am Ende meines Studiums als Filmkritiker für filmstarts.de und einige kleinere Webseiten und Filmzeitschriften. Mit den Jahren interessierte ich mich &#8212; auch im Zuge meiner fotojournalistischen Arbeit &#8212; neben kulturellen Themen immer mehr für soziale und lokale.</p>
<p>Texte von mir wurden unter anderem veröffentlicht in der Berliner Morgenpost, in Publikationen der Pressestellen der Freien Universität Berlin und des Paritätischen Wohlfahrtsverbandes, in der evangelischen Wochenzeitung Die Kirche und in der Musikzeitschrift Raveline.</p>
<p>Kürzere literarische Texte veröffentliche ich im Internet im &#8222;Raushau-Blog&#8220; und abwechselnd mit Vera Gärttling auf &#8222;Das grosse Grübeln&#8220;. Gelegentlich lese ich im Rahmen von Literaturveranstaltungen. Außerdem verfasse ich Liedtexte für meine Band Enkidu.</p>
<p>Darüber hinaus korrektoriere und lektoriere ich. Zu meinen Kunden gehören der Paritätische Wohlfahrtsverband und die Freie Universität Berlin.</p>
<p>&nbsp;</p>
<p><strong>Bücher, an denen ich als Autor beteiligt war:</strong></p>
<p>Schulordner &#8222;Projekt Aqua&#8220;. KWL &#8211; Kommunale Wasserwerke Leipzig GmbH 2010.</p>
<p>Radtouren in und um Berlin. Die 28 schönsten Strecken mit ausführlichem Serviceteil. Ullstein GmbH/Berliner Morgenpost 2011.</p>
<p>Schloss Moabit II. Lyrik und Prosa. Literaturgruppe &#8222;Moabiter Dichter&#8220; Berlin 2012.</p>
<p>Schloss Moabit III. Lyrik und Prosa. Literaturgruppe &#8222;Moabiter Dichter&#8220; Berlin 2013.</p>

<p>Meine freie journalistische Arbeit begann ich am Ende meines Studiums als Filmkritiker für filmstarts.de und einige kleinere Webseiten und Filmzeitschriften. Mit den Jahren interessierte ich mich &#8212; auch im Zuge meiner fotojournalistischen Arbeit &#8212; neben kulturellen Themen immer mehr für soziale und lokale. Texte von mir wurden unter anderem veröffentlicht in der Berliner Morgenpost, in [&hellip;]</p>
